{"id":1872,"date":"2024-04-14T03:08:13","date_gmt":"2024-04-14T03:08:13","guid":{"rendered":"https:\/\/matiasaburto.click\/?page_id=1872"},"modified":"2024-04-14T04:25:38","modified_gmt":"2024-04-14T04:25:38","slug":"html-o-hypertext-markup-language-lenguaje-de-marcado-de-hipertexto","status":"publish","type":"page","link":"https:\/\/matiasaburto.click\/index.php\/html-o-hypertext-markup-language-lenguaje-de-marcado-de-hipertexto\/","title":{"rendered":"HTML, o HyperText Markup Language (Lenguaje de Marcado de Hipertexto)"},"content":{"rendered":"\t\t<div data-elementor-type=\"wp-page\" data-elementor-id=\"1872\" class=\"elementor elementor-1872\">\n\t\t\t\t\t\t<section class=\"elementor-section elementor-top-section elementor-element elementor-element-54dd2c4d elementor-section-content-middle elementor-section-height-min-height elementor-section-boxed elementor-section-height-default elementor-section-items-middle\" data-id=\"54dd2c4d\" data-element_type=\"section\" data-settings=\"{&quot;background_background&quot;:&quot;gradient&quot;,&quot;shape_divider_bottom&quot;:&quot;waves&quot;}\">\n\t\t\t\t\t\t\t<div class=\"elementor-background-overlay\"><\/div>\n\t\t\t\t\t\t<div class=\"elementor-shape elementor-shape-bottom\" data-negative=\"false\">\n\t\t\t<svg xmlns=\"http:\/\/www.w3.org\/2000\/svg\" viewBox=\"0 0 1000 100\" preserveAspectRatio=\"none\">\n\t<path class=\"elementor-shape-fill\" d=\"M421.9,6.5c22.6-2.5,51.5,0.4,75.5,5.3c23.6,4.9,70.9,23.5,100.5,35.7c75.8,32.2,133.7,44.5,192.6,49.7\n\tc23.6,2.1,48.7,3.5,103.4-2.5c54.7-6,106.2-25.6,106.2-25.6V0H0v30.3c0,0,72,32.6,158.4,30.5c39.2-0.7,92.8-6.7,134-22.4\n\tc21.2-8.1,52.2-18.2,79.7-24.2C399.3,7.9,411.6,7.5,421.9,6.5z\"\/>\n<\/svg>\t\t<\/div>\n\t\t\t\t\t<div class=\"elementor-container elementor-column-gap-no\">\n\t\t\t\t\t<div class=\"elementor-column elementor-col-100 elementor-top-column elementor-element elementor-element-a16dc58\" data-id=\"a16dc58\" data-element_type=\"column\" data-settings=\"{&quot;background_background&quot;:&quot;classic&quot;}\">\n\t\t\t<div class=\"elementor-widget-wrap elementor-element-populated\">\n\t\t\t\t\t\t<div class=\"elementor-element elementor-element-c06c004 de_scroll_animation_no elementor-widget elementor-widget-theme-post-title elementor-page-title elementor-widget-heading\" data-id=\"c06c004\" data-element_type=\"widget\" data-widget_type=\"theme-post-title.default\">\n\t\t\t\t<div class=\"elementor-widget-container\">\n\t\t\t<style>\/*! elementor - v3.22.0 - 26-06-2024 *\/\n.elementor-heading-title{padding:0;margin:0;line-height:1}.elementor-widget-heading .elementor-heading-title[class*=elementor-size-]>a{color:inherit;font-size:inherit;line-height:inherit}.elementor-widget-heading .elementor-heading-title.elementor-size-small{font-size:15px}.elementor-widget-heading .elementor-heading-title.elementor-size-medium{font-size:19px}.elementor-widget-heading .elementor-heading-title.elementor-size-large{font-size:29px}.elementor-widget-heading .elementor-heading-title.elementor-size-xl{font-size:39px}.elementor-widget-heading .elementor-heading-title.elementor-size-xxl{font-size:59px}<\/style><h1 class=\"elementor-heading-title elementor-size-default\">HTML, o HyperText Markup Language (Lenguaje de Marcado de Hipertexto)<\/h1>\t\t<\/div>\n\t\t\t\t<\/div>\n\t\t\t\t<div class=\"elementor-element elementor-element-4be09c86 elementor-mobile-align-center elementor-align-center de_scroll_animation_no elementor-widget elementor-widget-post-info\" data-id=\"4be09c86\" data-element_type=\"widget\" data-widget_type=\"post-info.default\">\n\t\t\t\t<div class=\"elementor-widget-container\">\n\t\t\t<link rel=\"stylesheet\" href=\"https:\/\/matiasaburto.click\/wp-content\/plugins\/elementor\/assets\/css\/widget-icon-list.min.css\"><link rel=\"stylesheet\" href=\"https:\/\/matiasaburto.click\/wp-content\/plugins\/elementor-pro\/assets\/css\/widget-theme-elements.min.css\">\t\t<ul class=\"elementor-inline-items elementor-icon-list-items elementor-post-info\">\n\t\t\t\t\t\t\t\t<li class=\"elementor-icon-list-item elementor-repeater-item-a339c7b elementor-inline-item\" itemprop=\"author\">\n\t\t\t\t\t\t<a href=\"https:\/\/matiasaburto.click\/index.php\/author\/matiasaburto\/\">\n\t\t\t\t\t\t\t\t\t\t\t<span class=\"elementor-icon-list-icon\">\n\t\t\t\t\t\t\t\t<i aria-hidden=\"true\" class=\"fas fa-user-circle\"><\/i>\t\t\t\t\t\t\t<\/span>\n\t\t\t\t\t\t\t\t\t<span class=\"elementor-icon-list-text elementor-post-info__item elementor-post-info__item--type-author\">\n\t\t\t\t\t\t\t<span class=\"elementor-post-info__item-prefix\">Por<\/span>\n\t\t\t\t\t\t\t\t\t\tmatiasaburto\t\t\t\t\t<\/span>\n\t\t\t\t\t\t\t\t\t<\/a>\n\t\t\t\t<\/li>\n\t\t\t\t<li class=\"elementor-icon-list-item elementor-repeater-item-ba9c996 elementor-inline-item\" itemprop=\"datePublished\">\n\t\t\t\t\t\t<a href=\"https:\/\/matiasaburto.click\/index.php\/2024\/04\/14\/\">\n\t\t\t\t\t\t\t\t\t\t\t<span class=\"elementor-icon-list-icon\">\n\t\t\t\t\t\t\t\t<i aria-hidden=\"true\" class=\"fas fa-calendar-alt\"><\/i>\t\t\t\t\t\t\t<\/span>\n\t\t\t\t\t\t\t\t\t<span class=\"elementor-icon-list-text elementor-post-info__item elementor-post-info__item--type-date\">\n\t\t\t\t\t\t\t\t\t\tAbril 14, 2024\t\t\t\t\t<\/span>\n\t\t\t\t\t\t\t\t\t<\/a>\n\t\t\t\t<\/li>\n\t\t\t\t<\/ul>\n\t\t\t\t<\/div>\n\t\t\t\t<\/div>\n\t\t\t\t\t<\/div>\n\t\t<\/div>\n\t\t\t\t\t<\/div>\n\t\t<\/section>\n\t\t\t\t<section class=\"elementor-section elementor-top-section elementor-element elementor-element-9615fd7 elementor-section-boxed elementor-section-height-default elementor-section-height-default\" data-id=\"9615fd7\" data-element_type=\"section\">\n\t\t\t\t\t\t<div class=\"elementor-container elementor-column-gap-default\">\n\t\t\t\t\t<div class=\"elementor-column elementor-col-100 elementor-top-column elementor-element elementor-element-9fa7a43\" data-id=\"9fa7a43\" data-element_type=\"column\">\n\t\t\t<div class=\"elementor-widget-wrap elementor-element-populated\">\n\t\t\t\t\t\t<div class=\"elementor-element elementor-element-25d80a9 de_scroll_animation_no elementor-widget elementor-widget-image-gallery\" data-id=\"25d80a9\" data-element_type=\"widget\" data-widget_type=\"image-gallery.default\">\n\t\t\t\t<div class=\"elementor-widget-container\">\n\t\t\t<style>\/*! elementor - v3.22.0 - 26-06-2024 *\/\n.elementor-image-gallery .gallery-item{display:inline-block;text-align:center;vertical-align:top;width:100%;max-width:100%;margin:0 auto}.elementor-image-gallery .gallery-item img{margin:0 auto}.elementor-image-gallery .gallery-item .gallery-caption{margin:0}.elementor-image-gallery figure img{display:block}.elementor-image-gallery figure figcaption{width:100%}.gallery-spacing-custom .elementor-image-gallery .gallery-icon{padding:0}@media (min-width:768px){.elementor-image-gallery .gallery-columns-2 .gallery-item{max-width:50%}.elementor-image-gallery .gallery-columns-3 .gallery-item{max-width:33.33%}.elementor-image-gallery .gallery-columns-4 .gallery-item{max-width:25%}.elementor-image-gallery .gallery-columns-5 .gallery-item{max-width:20%}.elementor-image-gallery .gallery-columns-6 .gallery-item{max-width:16.666%}.elementor-image-gallery .gallery-columns-7 .gallery-item{max-width:14.28%}.elementor-image-gallery .gallery-columns-8 .gallery-item{max-width:12.5%}.elementor-image-gallery .gallery-columns-9 .gallery-item{max-width:11.11%}.elementor-image-gallery .gallery-columns-10 .gallery-item{max-width:10%}}@media (min-width:480px) and (max-width:767px){.elementor-image-gallery .gallery.gallery-columns-2 .gallery-item,.elementor-image-gallery .gallery.gallery-columns-3 .gallery-item,.elementor-image-gallery .gallery.gallery-columns-4 .gallery-item,.elementor-image-gallery .gallery.gallery-columns-5 .gallery-item,.elementor-image-gallery .gallery.gallery-columns-6 .gallery-item,.elementor-image-gallery .gallery.gallery-columns-7 .gallery-item,.elementor-image-gallery .gallery.gallery-columns-8 .gallery-item,.elementor-image-gallery .gallery.gallery-columns-9 .gallery-item,.elementor-image-gallery .gallery.gallery-columns-10 .gallery-item{max-width:50%}}@media (max-width:479px){.elementor-image-gallery .gallery.gallery-columns-2 .gallery-item,.elementor-image-gallery .gallery.gallery-columns-3 .gallery-item,.elementor-image-gallery .gallery.gallery-columns-4 .gallery-item,.elementor-image-gallery .gallery.gallery-columns-5 .gallery-item,.elementor-image-gallery .gallery.gallery-columns-6 .gallery-item,.elementor-image-gallery .gallery.gallery-columns-7 .gallery-item,.elementor-image-gallery .gallery.gallery-columns-8 .gallery-item,.elementor-image-gallery .gallery.gallery-columns-9 .gallery-item,.elementor-image-gallery .gallery.gallery-columns-10 .gallery-item{max-width:100%}}<\/style>\t\t<div class=\"elementor-image-gallery\">\n\t\t\t<div id='gallery-1' class='gallery galleryid-1872 gallery-columns-3 gallery-size-thumbnail'><figure class='gallery-item'>\n\t\t\t<div class='gallery-icon landscape'>\n\t\t\t\t<a data-elementor-open-lightbox=\"yes\" data-elementor-lightbox-slideshow=\"25d80a9\" data-elementor-lightbox-title=\"images (1)\" data-e-action-hash=\"#elementor-action%3Aaction%3Dlightbox%26settings%3DeyJpZCI6MTg4MywidXJsIjoiaHR0cHM6XC9cL21hdGlhc2FidXJ0by5jbGlja1wvd3AtY29udGVudFwvdXBsb2Fkc1wvMjAyNFwvMDRcL2ltYWdlcy0xLnBuZyIsInNsaWRlc2hvdyI6IjI1ZDgwYTkifQ%3D%3D\" href='https:\/\/matiasaburto.click\/wp-content\/uploads\/2024\/04\/images-1.png'><img decoding=\"async\" width=\"150\" height=\"150\" src=\"https:\/\/matiasaburto.click\/wp-content\/uploads\/2024\/04\/images-1-150x150.png\" class=\"attachment-thumbnail size-thumbnail\" alt=\"\" srcset=\"https:\/\/matiasaburto.click\/wp-content\/uploads\/2024\/04\/images-1-150x150.png 150w, https:\/\/matiasaburto.click\/wp-content\/uploads\/2024\/04\/images-1-100x100.png 100w\" sizes=\"(max-width: 150px) 100vw, 150px\" \/><\/a>\n\t\t\t<\/div><\/figure><figure class='gallery-item'>\n\t\t\t<div class='gallery-icon landscape'>\n\t\t\t\t<a data-elementor-open-lightbox=\"yes\" data-elementor-lightbox-slideshow=\"25d80a9\" data-elementor-lightbox-title=\"what-is-html\" data-e-action-hash=\"#elementor-action%3Aaction%3Dlightbox%26settings%3DeyJpZCI6MTg4MiwidXJsIjoiaHR0cHM6XC9cL21hdGlhc2FidXJ0by5jbGlja1wvd3AtY29udGVudFwvdXBsb2Fkc1wvMjAyNFwvMDRcL3doYXQtaXMtaHRtbC5qcGciLCJzbGlkZXNob3ciOiIyNWQ4MGE5In0%3D\" href='https:\/\/matiasaburto.click\/wp-content\/uploads\/2024\/04\/what-is-html.jpg'><img decoding=\"async\" width=\"150\" height=\"150\" src=\"https:\/\/matiasaburto.click\/wp-content\/uploads\/2024\/04\/what-is-html-150x150.jpg\" class=\"attachment-thumbnail size-thumbnail\" alt=\"\" srcset=\"https:\/\/matiasaburto.click\/wp-content\/uploads\/2024\/04\/what-is-html-150x150.jpg 150w, https:\/\/matiasaburto.click\/wp-content\/uploads\/2024\/04\/what-is-html-300x300.jpg 300w, https:\/\/matiasaburto.click\/wp-content\/uploads\/2024\/04\/what-is-html-100x100.jpg 100w\" sizes=\"(max-width: 150px) 100vw, 150px\" \/><\/a>\n\t\t\t<\/div><\/figure><figure class='gallery-item'>\n\t\t\t<div class='gallery-icon landscape'>\n\t\t\t\t<a data-elementor-open-lightbox=\"yes\" data-elementor-lightbox-slideshow=\"25d80a9\" data-elementor-lightbox-title=\"Archivo-HTML\" data-e-action-hash=\"#elementor-action%3Aaction%3Dlightbox%26settings%3DeyJpZCI6MTg3NywidXJsIjoiaHR0cHM6XC9cL21hdGlhc2FidXJ0by5jbGlja1wvd3AtY29udGVudFwvdXBsb2Fkc1wvMjAyNFwvMDRcL0FyY2hpdm8tSFRNTC53ZWJwIiwic2xpZGVzaG93IjoiMjVkODBhOSJ9\" href='https:\/\/matiasaburto.click\/wp-content\/uploads\/2024\/04\/Archivo-HTML.webp'><img decoding=\"async\" width=\"150\" height=\"150\" src=\"https:\/\/matiasaburto.click\/wp-content\/uploads\/2024\/04\/Archivo-HTML-150x150.webp\" class=\"attachment-thumbnail size-thumbnail\" alt=\"\" srcset=\"https:\/\/matiasaburto.click\/wp-content\/uploads\/2024\/04\/Archivo-HTML-150x150.webp 150w, https:\/\/matiasaburto.click\/wp-content\/uploads\/2024\/04\/Archivo-HTML-300x300.webp 300w, https:\/\/matiasaburto.click\/wp-content\/uploads\/2024\/04\/Archivo-HTML-100x100.webp 100w\" sizes=\"(max-width: 150px) 100vw, 150px\" \/><\/a>\n\t\t\t<\/div><\/figure>\n\t\t<\/div>\n\t\t<\/div>\n\t\t\t\t<\/div>\n\t\t\t\t<\/div>\n\t\t\t\t\t<\/div>\n\t\t<\/div>\n\t\t\t\t\t<\/div>\n\t\t<\/section>\n\t\t\t\t<section class=\"elementor-section elementor-top-section elementor-element elementor-element-4f928cf elementor-section-boxed elementor-section-height-default elementor-section-height-default\" data-id=\"4f928cf\" data-element_type=\"section\">\n\t\t\t\t\t\t<div class=\"elementor-container elementor-column-gap-default\">\n\t\t\t\t\t<div class=\"elementor-column elementor-col-100 elementor-top-column elementor-element elementor-element-92021cf\" data-id=\"92021cf\" data-element_type=\"column\">\n\t\t\t<div class=\"elementor-widget-wrap elementor-element-populated\">\n\t\t\t\t\t\t<div class=\"elementor-element elementor-element-e694ad1 de_scroll_animation_no elementor-widget elementor-widget-text-editor\" data-id=\"e694ad1\" data-element_type=\"widget\" data-widget_type=\"text-editor.default\">\n\t\t\t\t<div class=\"elementor-widget-container\">\n\t\t\t<style>\/*! elementor - v3.22.0 - 26-06-2024 *\/\n.elementor-widget-text-editor.elementor-drop-cap-view-stacked .elementor-drop-cap{background-color:#69727d;color:#fff}.elementor-widget-text-editor.elementor-drop-cap-view-framed .elementor-drop-cap{color:#69727d;border:3px solid;background-color:transparent}.elementor-widget-text-editor:not(.elementor-drop-cap-view-default) .elementor-drop-cap{margin-top:8px}.elementor-widget-text-editor:not(.elementor-drop-cap-view-default) .elementor-drop-cap-letter{width:1em;height:1em}.elementor-widget-text-editor .elementor-drop-cap{float:left;text-align:center;line-height:1;font-size:50px}.elementor-widget-text-editor .elementor-drop-cap-letter{display:inline-block}<\/style>\t\t\t\t<div class=\"flex-1 overflow-hidden\"><div class=\"react-scroll-to-bottom--css-ztkhx-79elbk h-full\"><div class=\"react-scroll-to-bottom--css-ztkhx-1n7m0yu\"><div><div class=\"flex flex-col text-sm pb-9\"><div class=\"w-full text-token-text-primary\" dir=\"auto\" data-testid=\"conversation-turn-7\"><div class=\"px-4 py-2 justify-center text-base md:gap-6 m-auto\"><div class=\"flex flex-1 text-base mx-auto gap-3 juice:gap-4 juice:md:gap-6 md:px-5 lg:px-1 xl:px-5 md:max-w-3xl lg:max-w-[40rem] xl:max-w-[48rem] group final-completion\"><div class=\"relative flex w-full flex-col agent-turn\"><div class=\"flex-col gap-1 md:gap-3\"><div class=\"flex flex-grow flex-col max-w-full\"><div class=\"min-h-[20px] text-message flex flex-col items-start gap-3 whitespace-pre-wrap break-words [.text-message+&amp;]:mt-5 overflow-x-auto\" dir=\"auto\" data-message-author-role=\"assistant\" data-message-id=\"865cc298-e27d-4fed-990b-cd6e523ef553\"><div class=\"markdown prose w-full break-words dark:prose-invert light\"><p>HTML, o HyperText Markup Language (Lenguaje de Marcado de Hipertexto), es el lenguaje est\u00e1ndar utilizado para crear y dise\u00f1ar p\u00e1ginas web. Surge de la necesidad de estandarizar la forma en que se presenta la informaci\u00f3n en la World Wide Web.<\/p><p>HTML se origin\u00f3 en la d\u00e9cada de 1980 en el CERN (Organizaci\u00f3n Europea para la Investigaci\u00f3n Nuclear) en Suiza. Tim Berners-Lee, un cient\u00edfico de la computaci\u00f3n brit\u00e1nico que trabajaba en el CERN, propuso un sistema de gesti\u00f3n de informaci\u00f3n que permitir\u00eda a los cient\u00edficos compartir y acceder a documentos de investigaci\u00f3n de manera eficiente. Este sistema se basar\u00eda en documentos hipertextuales interconectados, donde los usuarios podr\u00edan hacer clic en enlaces para navegar entre documentos relacionados.<\/p><p>Para implementar este sistema, Berners-Lee desarroll\u00f3 HTML como un lenguaje simple para crear documentos hipertextuales. HTML permit\u00eda a los usuarios agregar enlaces, im\u00e1genes y otros elementos multimedia a sus documentos, lo que facilitaba la navegaci\u00f3n y la interactividad.<\/p><p>La primera especificaci\u00f3n de HTML se public\u00f3 en 1991, marcando el comienzo de la era de la web. A medida que la web crec\u00eda en popularidad, HTML evolucion\u00f3 para incluir nuevas caracter\u00edsticas y capacidades. Con el tiempo, se establecieron est\u00e1ndares y especificaciones m\u00e1s formales para HTML a trav\u00e9s del trabajo de organizaciones como el World Wide Web Consortium (W3C) y la Internet Engineering Task Force (IETF).<\/p><p>HTML ha experimentado varias versiones a lo largo de los a\u00f1os, con HTML5 como la versi\u00f3n m\u00e1s reciente y ampliamente adoptada. HTML5 introduce una serie de caracter\u00edsticas nuevas y mejoradas, como elementos sem\u00e1nticos, soporte integrado para multimedia, capacidades de gr\u00e1ficos y animaci\u00f3n, y mejoras en accesibilidad y rendimiento.<\/p><p>En resumen, HTML surge de la necesidad de estandarizar la creaci\u00f3n de documentos hipertextuales en la web. Desde sus modestos comienzos en el CERN, ha crecido hasta convertirse en el lenguaje fundamental utilizado para crear p\u00e1ginas web en toda la World Wide Web.<\/p><\/div><\/div><\/div><\/div><\/div><\/div><\/div><\/div><\/div><\/div><\/div><\/div><\/div>\t\t\t\t\t\t<\/div>\n\t\t\t\t<\/div>\n\t\t\t\t\t<\/div>\n\t\t<\/div>\n\t\t\t\t\t<\/div>\n\t\t<\/section>\n\t\t\t\t<section class=\"elementor-section elementor-top-section elementor-element elementor-element-f2b71df elementor-section-boxed elementor-section-height-default elementor-section-height-default\" data-id=\"f2b71df\" data-element_type=\"section\">\n\t\t\t\t\t\t<div class=\"elementor-container elementor-column-gap-default\">\n\t\t\t\t\t<div class=\"elementor-column elementor-col-100 elementor-top-column elementor-element elementor-element-4284937\" data-id=\"4284937\" data-element_type=\"column\">\n\t\t\t<div class=\"elementor-widget-wrap elementor-element-populated\">\n\t\t\t\t\t\t<div class=\"elementor-element elementor-element-c823935 de_scroll_animation_no elementor-widget elementor-widget-button\" data-id=\"c823935\" data-element_type=\"widget\" data-widget_type=\"button.default\">\n\t\t\t\t<div class=\"elementor-widget-container\">\n\t\t\t\t\t<div class=\"elementor-button-wrapper\">\n\t\t\t<a class=\"elementor-button elementor-button-link elementor-size-md\" href=\"https:\/\/matiasaburto.click\/wp-content\/uploads\/2024\/04\/Introduccion-a-HTML.pdf\">\n\t\t\t\t\t\t<span class=\"elementor-button-content-wrapper\">\n\t\t\t\t\t\t<span class=\"elementor-button-icon\">\n\t\t\t\t<i aria-hidden=\"true\" class=\"far fa-file-pdf\"><\/i>\t\t\t<\/span>\n\t\t\t\t\t\t\t\t\t<span class=\"elementor-button-text\">Introducci\u00f3n a HTML - Descargar<\/span>\n\t\t\t\t\t<\/span>\n\t\t\t\t\t<\/a>\n\t\t<\/div>\n\t\t\t\t<\/div>\n\t\t\t\t<\/div>\n\t\t\t\t\t<\/div>\n\t\t<\/div>\n\t\t\t\t\t<\/div>\n\t\t<\/section>\n\t\t\t\t<\/div>\n\t\t","protected":false},"excerpt":{"rendered":"<p>HTML, o HyperText Markup Language (Lenguaje de Marcado de Hipertexto), es el lenguaje est\u00e1ndar utilizado para crear y dise\u00f1ar p\u00e1ginas web. Surge de la necesidad de estandarizar la forma en que se presenta la informaci\u00f3n en la World Wide Web. HTML se origin\u00f3 en la d\u00e9cada de 1980 en el CERN (Organizaci\u00f3n Europea para la [&hellip;]<\/p>\n","protected":false},"author":1,"featured_media":0,"parent":0,"menu_order":0,"comment_status":"closed","ping_status":"closed","template":"elementor_header_footer","meta":{"om_disable_all_campaigns":false,"footnotes":""},"class_list":["post-1872","page","type-page","status-publish","hentry"],"aioseo_notices":[],"_links":{"self":[{"href":"https:\/\/matiasaburto.click\/index.php\/wp-json\/wp\/v2\/pages\/1872","targetHints":{"allow":["GET"]}}],"collection":[{"href":"https:\/\/matiasaburto.click\/index.php\/wp-json\/wp\/v2\/pages"}],"about":[{"href":"https:\/\/matiasaburto.click\/index.php\/wp-json\/wp\/v2\/types\/page"}],"author":[{"embeddable":true,"href":"https:\/\/matiasaburto.click\/index.php\/wp-json\/wp\/v2\/users\/1"}],"replies":[{"embeddable":true,"href":"https:\/\/matiasaburto.click\/index.php\/wp-json\/wp\/v2\/comments?post=1872"}],"version-history":[{"count":10,"href":"https:\/\/matiasaburto.click\/index.php\/wp-json\/wp\/v2\/pages\/1872\/revisions"}],"predecessor-version":[{"id":1896,"href":"https:\/\/matiasaburto.click\/index.php\/wp-json\/wp\/v2\/pages\/1872\/revisions\/1896"}],"wp:attachment":[{"href":"https:\/\/matiasaburto.click\/index.php\/wp-json\/wp\/v2\/media?parent=1872"}],"curies":[{"name":"wp","href":"https:\/\/api.w.org\/{rel}","templated":true}]}}